63, 5*x - 8*i - 105 = -3*i. What is the tens digit of x?
2
Let g be (2/(-7))/((-6)/21). What is the tens digit of (-212)/(-3) - g/(-3)?
7
Let k = 5 - -5. Suppose 4*h - 3*o - 2*o = -k, -o = -4*h - 2. Let b = 13 + h. What is the units digit of b?
3
Suppose -2*w - 4 = 2. Let x be (0 - w)*40/30. What is the tens digit of (6 - 4)/(x/46)?
2
Let x = -9 + 16. Suppose x*u = 8*u - 3. Suppose u*z - 40 = 71. What is the units digit of z?
7
Let v(w) = -23*w + 11. What is the units digit of v(-21)?
4
Let i = -98 + 107. Suppose -3*z + 2*q + 340 = 0, -z + i*q - 7*q = -108. What is the units digit of z?
6
Suppose -2*o - o - 5*m = -108, m = 5*o - 180. Let f be 3 + (-9)/(o/(-472)). Suppose -j = z + 2*j - 23, 3*z - 4*j = f. What is the tens digit of z?
3
Let p be (-2532)/(-18) + (-2)/(-6). What is the hundreds digit of p*(2/3 + 1/3)?
1
Let i(h) = 13*h**2 - h**2 + 7*h**2 - 3*h - h**2 + 1. What is the units digit of i(-3)?
2
Let c(r) = -r - 10. Let s be c(-10). Suppose -f = -3*y - 2*f + 223, -y + f + 73 = s. What is the units digit of y?
4
Let f = 5365 + -1577. What is the units digit of f?
8
Let v(b) = -237*b**3 + 4*b**2 + 15*b + 20. What is the tens digit of v(-2)?
0
Let v be ((-16)/12 - (-1)/3) + 5. What is the hundreds digit of (33 + -1)*(v + 5)?
2
What is the tens digit of (2404/(-8) - -9)*-6?
4
Let o be ((-24)/16)/((-2)/(-12)). Let a = -4 - o. Suppose a*q = -0 + 45. What is the units digit of q?
9
Let p = 367 - 254. Let f = -28 + -37. Let y = p + f. What is the tens digit of y?
4
Let c be 1/(0 - 3/(-12)). Suppose 4*f - 5*s = 123, -f - c*s - 14 = -50. What is the tens digit of f?
3
Suppose 2*s + 5*f - 2 = 9, -3*s + 19 = 5*f. Let d = 62 - s. What is the units digit of d?
4
Let g(f) = -36*f - 203. What is the hundreds digit of g(-18)?
4
Let h = -118 - -422. Let s = h - 179. What is the hundreds digit of s?
1
Let f = 764 - 483. What is the units digit of f?
1
Let v(a) = 15*a**3 - a**2 - 4*a + 12. What is the tens digit of v(4)?
4
Let r = 28 - 39. Suppose 2*c - 82 - 24 = 0. Let f = r + c. What is the units digit of f?
2
Suppose 15*k - 7360 = 5*k. What is the units digit of k?
6
Suppose -1321 = -j + 4*n, 6*j - 8563 + 532 = 3*n. What is the thousands digit of j?
1
Suppose -a + 20 + 22 = 0. Let k = a - 21. What is the units digit of 0/5 + 2 + k?
3
Suppose 2*l = -3*l + 50. Suppose l*o = -o + 1276. What is the units digit of o?
6
Let r(f) = -f**3 - 11*f**2 - 13*f - 20. Let p be r(-10). Suppose 3*l - p*l = -770. What is the units digit of l?
0
Let m(r) = -55*r - 25. What is the hundreds digit of m(-42)?
2
Suppose -3*k = -j - 7404, 5914 + 3960 = 4*k - 2*j. What is the hundreds digit of k?
4
Suppose -5*i + 5*y - 60 = 0, 3*i - 7*y + 37 = -3*y. Let g = i - -15. What is the units digit of 540/24 + (-2)/g?
2
Suppose 3*g + 31 = -g + 3*r, 0 = -g + 3*r - 1. Suppose 17 - 41 = 8*o. What is the units digit of (-4)/(8/g) + o?
2
Suppose -10*d = 7*d - 11764. What is the hundreds digit of d?
6
Let c = -2322 - -3578. What is the units digit of c?
6
Let a(i) = -i**3 - 4*i**2 - i + 24. What is the units digit of a(-10)?
4
Let n be (0 + 4 - -155)/1. Suppose -5*j = -161 - n. What is the units digit of j?
4
Suppose 1849 + 3361 = 2*q. What is the thousands digit of q?
2
Let o(w) = 4*w + 9. Let p = 12 - 14. What is the units digit of o(p)?
1
Let o(p) = p**3 - 3*p**2 + 7*p + 12. Let j be o(-3). Suppose 233 = 3*d - 82. Let i = j + d. What is the tens digit of i?
4
Let o = -2 + 9. Suppose 6*p = o*p. Suppose p*x + 4*x = -5*j + 188, 0 = -3*j + 3*x + 102. What is the units digit of j?
6
Let n = 5222 - 3059. What is the hundreds digit of n?
1
Suppose -3 - 6 = -3*q. Suppose 2*k - 13 = -q. Suppose -k*t = -10, -3*u - 2*t = -4*t - 14. What is the units digit of u?
6
Let x(j) = -42*j + 152. What is the tens digit of x(-6)?
0
Let c be (-4)/7 + (-1474)/(-154). Suppose 0 = -c*j + 7*j + 82. What is the tens digit of j?
4
What is the thousands digit of 16/64 - 18201/(-12)?
1
Suppose -5*u - 5 = -10, -m + 1204 = 5*u. What is the units digit of m?
9
Let w(z) = 5 - z + 2*z + 4*z - 3*z. Let p(u) = -2*u - 4. Let l(n) = -3*p(n) - 4*w(n). What is the units digit of l(-6)?
4
Suppose -113*s = -115*s + 3390. What is the tens digit of s?
9
Suppose 0 = 22*o - 74348 + 7952. What is the tens digit of o?
1
Let s(i) = i**3 - 6*i**2 - 3*i - 2. Let k(y) = -y**3 - y**2 - 2*y - 2. Let w be k(-2). Suppose 0 = w*r - r - 35. What is the tens digit of s(r)?
2
Let o = -14 + 26. Let y be (-18)/o + (-58)/4. Let j = y - -22. What is the units digit of j?
6
Let d(n) = 6*n - 12 + 31 - 5*n. What is the units digit of d(15)?
4
Let z(p) = p**2 + 9*p + 12. Let o be z(-8). Suppose -4*l - 48 = o. Let r = 18 + l. What is the units digit of r?
5
Let m = 15 - 37. Let f = 35 + 21. Let l = f + m. What is the tens digit of l?
3
Let x = -11 - -15. Let m(b) = 13*b - 8. Let v(f) = -12*f + 8. Let k(z) = -3*m(z) - 4*v(z). What is the units digit of k(x)?
8
What is the units digit of 3/72*104217 + 6/(-16)?
2
What is the units digit of (-48)/(-8 - 625/(-80))?
6
Let f(t) = -2*t**2 + 3*t. Let w be f(3). Let a = w + 29. What is the units digit of a?
0
Let m(f) = -f**2 - 4*f - 2. Let o be m(-2). What is the hundreds digit of ((-492)/(-10))/(o/5)?
1
Let q(f) = f**2 + 15*f + 15. Let p(w) = w - 14. Let z be p(0). Let c be q(z). What is the units digit of (3 - -33) + (2 - c)?
7
Let d be (8/(-3))/((-6)/36). Let n = 15 + d. Suppose -c - k + n = 2, 0 = 2*k + 8. What is the units digit of c?
3
Let n be 0 + -1 + (0 - -11). Let y(a) = -9*a - 58. Let o be y(-7). Suppose o*z = 10 + n. What is the units digit of z?
4
Suppose -4*i + 5*i - 15 = 0. Let s(c) = 32*c + i - 15*c - 3 + 13 + c**2. What is the tens digit of s(-17)?
2
Suppose 14*y = 12*y + 368. Let b = -131 + y. What is the units digit of b?
3
What is the units digit of (-160452)/(-78) + (-4)/52?
7
Let a = -284 - -2099. What is the units digit of a?
5
What is the tens digit of 2595/(-25)*(3 + -13)/2?
1
Suppose 57*t + 76297 = 346192. What is the tens digit of t?
3
Let a = -16 - -18. Let c be 3 - (4/a + -3). Suppose c*z = 4*j + z - 54, -13 = -j + z. What is the units digit of j?
5
Suppose 0 = -2*i - 6, a - 2*i = -a + 166. Suppose 6*n + 14 = a. What is the units digit of n?
1
Suppose 2*z - 4*l + 9 - 7 = 0, 0 = -2*z + 3*l + 3. Let t = -23 - -64. Let i = t - z. What is the units digit of i?
2
Let q(g) = 4*g + 12. Let o be q(10). Suppose 0 = -2*u - o - 2. Let f = u + 52. What is the tens digit of f?
2
Suppose -9223 = -5*a - 3808. What is the units digit of a?
3
Suppose 2*m + 4*l = -3*m + 41, 4*l - 16 = 0. Let t = 2 + m. What is the units digit of t?
7
Let o(c) = c**3 + 25*c**2 - 26*c + 2. Let x be o(-26). Suppose 3*v - 300 = x*u, 5*v + 2*u - u = 513. What is the hundreds digit of v?
1
Let d = -75 - 108. Let u = -85 - d. What is the tens digit of u?
9
Let i be 2 + 0*(-2)/8. Suppose 5 + 5 = -2*z, 31 = 3*g - i*z. What is the units digit of g?
7
Suppose 0 = -54*i - 1470 + 25770. What is the units digit of i?
0
Let t(i) = 0*i + i + 4 - 4*i + 2*i. Let r be t(-6). What is the tens digit of 5/r*-4 - -74?
7
Suppose 55*q - 109414 = 9551. What is the thousands digit of q?
2
Let u = -17 + 15. Let w(x) = 11*x**2 + x - 2. What is the units digit of w(u)?
0
Suppose -5*l + 28*t + 12565 = 23*t, -12545 = -5*l - 5*t. What is the tens digit of l?
1
Suppose t = 1 + 3. Suppose -t*u = -2 - 2. Let y(x) = 13*x**2 + 1. What is the tens digit of y(u)?
1
Let r(f) = f**2 + 3. Let k = -14 - -14. Let l be r(k). Suppose -4*j = -2*z + j + 31, -l*j = 2*z - 7. What is the units digit of z?
8
What is the units digit of (4345/7 - 3) + 18/63?
8
Let w = -53 - -64. Suppose 7*d - 3834 = -w*d. What is the units digit of d?
3
Let v(m) = 11*m**2 + 6 - 5*m + 2*m - 7. What is the tens digit of v(-3)?
0
Suppose 3*o + 0*o = 0, -20 = -z + 2*o. Suppose -z = -3*s - s. Suppose 5*a = -s*i + 2*a + 98, 3 = 3*a. What is the tens digit of i?
1
Suppose 7*n = 6*n - 2, 0 = 5*c - n - 20092. What is the thousands digit of c?
4
Suppose -3*p + 10 - 4 = 0. Suppose -4*r - 242 = -2*r - p*i, 4*r + 3*i = -477. Let u = 189 + r. What is the tens digit of u?
6
Let n = 1307 - 395. Suppose 5*x = -y + 5*y + n, x - 4*y = 192. Suppose -l = p - 75, -5*p + 3*p = -4*l - x. What is the units digit of p?
0
Suppose 18 = 5*r - 2*r. What is the units digit of (4/r)/((-1)/(-1035)*3)?
0
Suppose y + 2*d = -